{"id":274,"date":"2018-07-30T15:38:02","date_gmt":"2018-07-30T15:38:02","guid":{"rendered":"http:\/\/wir-lsz.de\/?page_id=274"},"modified":"2022-09-07T10:26:57","modified_gmt":"2022-09-07T10:26:57","slug":"leergut-agenten","status":"publish","type":"page","link":"https:\/\/wir-lsz.de\/?page_id=274","title":{"rendered":"LeerGut-Agenten"},"content":{"rendered":"\n<figure class=\"wp-block-image size-large\"><img loading=\"lazy\" decoding=\"async\" width=\"1024\" height=\"263\" src=\"https:\/\/wir-lsz.de\/wp-content\/uploads\/2022\/01\/Kopf-1024x263.jpg\" alt=\"\" class=\"wp-image-276\" srcset=\"https:\/\/wir-lsz.de\/wp-content\/uploads\/2022\/01\/Kopf-1024x263.jpg 1024w, https:\/\/wir-lsz.de\/wp-content\/uploads\/2022\/01\/Kopf-300x77.jpg 300w, https:\/\/wir-lsz.de\/wp-content\/uploads\/2022\/01\/Kopf-768x197.jpg 768w, https:\/\/wir-lsz.de\/wp-content\/uploads\/2022\/01\/Kopf-1536x395.jpg 1536w, https:\/\/wir-lsz.de\/wp-content\/uploads\/2022\/01\/Kopf.jpg 1662w\" sizes=\"(max-width: 1024px) 100vw, 1024px\" \/><\/figure>\n\n\n\n<p><strong>Leerstandmanagement und Stadtentwicklung in Bad Langensalza und Ortsteilen<\/strong><br>Der Bestand an Baufl\u00e4chen in Bad Langensalza ist ersch\u00f6pft. Ob in den Au\u00dfenbereichen neues Bauland zur Verf\u00fcgung gestellt werden kann ist fraglich, da die versiegelte Fl\u00e4che im Verh\u00e4ltnis zur Einwohnerzahl in Bad Langensalza sehr gro\u00df ist. Themen wie Gartenanlagen in Bauland umzuwandeln sind umstritten und bringen nur kurzzeitig Entlastung.<br>Durch die geplante Erweiterung des Gewerbegebietes wird weiterer Wohnraum ben\u00f6tigt.<br>Das alles ist Grund genug sich mit dem Thema Leerstand zu besch\u00e4ftigen.<br>In Th\u00fcringen gibt es das Netzwerk \u201eLeerGut-Agenten\u201c zur Belebung von Leerstand. Angesichts von rund 45.000 leerstehenden Geb\u00e4uden, vor allem in Landst\u00e4dten und D\u00f6rfern, braucht Th\u00fcringen eine Umbaukultur: Weg von weiterem Fl\u00e4chenverbrauch, hin zu Nachnutzung und Umbau des baulichen Erbes und der Brachfl\u00e4chen. Die LeerGut-Agenten wollen das Bewusstsein bei BauherrInnen und NutzerInnen, aber auch in der Gesellschaft, Kommunalpolitik und Bauwirtschaft f\u00fcr den Wert der Ressource LeerGut sch\u00e4rfen.<br>WIR m\u00f6chten Leergut-Agenten im Bad Langensalza etablieren um das Problem Leerstand in der Kernstadt und auch den Ortsteilen anzugehen. <br><br>Ansprechpartner sind Thomas K\u00fchmstedt und Silvio Hellmundt <\/p>\n\n\n\n<hr class=\"wp-block-separator\"\/>\n\n\n\n<figure class=\"wp-block-image size-large\"><img loading=\"lazy\" decoding=\"async\" width=\"725\" height=\"1024\" src=\"https:\/\/wir-lsz.de\/wp-content\/uploads\/2022\/09\/Einladung-zum-5-Treffen-725x1024.jpg\" alt=\"\" class=\"wp-image-303\" srcset=\"https:\/\/wir-lsz.de\/wp-content\/uploads\/2022\/09\/Einladung-zum-5-Treffen-725x1024.jpg 725w, https:\/\/wir-lsz.de\/wp-content\/uploads\/2022\/09\/Einladung-zum-5-Treffen-212x300.jpg 212w, https:\/\/wir-lsz.de\/wp-content\/uploads\/2022\/09\/Einladung-zum-5-Treffen-768x1085.jpg 768w, https:\/\/wir-lsz.de\/wp-content\/uploads\/2022\/09\/Einladung-zum-5-Treffen-1087x1536.jpg 1087w, https:\/\/wir-lsz.de\/wp-content\/uploads\/2022\/09\/Einladung-zum-5-Treffen.jpg 1241w\" sizes=\"(max-width: 725px) 100vw, 725px\" \/><\/figure>\n\n\n\n<figure class=\"wp-block-image size-large is-resized\"><img loading=\"lazy\" decoding=\"async\" src=\"https:\/\/wir-lsz.de\/wp-content\/uploads\/2022\/03\/Einladung-4-725x1024.jpg\" alt=\"\" class=\"wp-image-300\" width=\"711\" height=\"1004\" srcset=\"https:\/\/wir-lsz.de\/wp-content\/uploads\/2022\/03\/Einladung-4-725x1024.jpg 725w, https:\/\/wir-lsz.de\/wp-content\/uploads\/2022\/03\/Einladung-4-212x300.jpg 212w, https:\/\/wir-lsz.de\/wp-content\/uploads\/2022\/03\/Einladung-4-768x1085.jpg 768w, https:\/\/wir-lsz.de\/wp-content\/uploads\/2022\/03\/Einladung-4-1087x1536.jpg 1087w, https:\/\/wir-lsz.de\/wp-content\/uploads\/2022\/03\/Einladung-4.jpg 1241w\" sizes=\"(max-width: 711px) 100vw, 711px\" \/><\/figure>\n\n\n\n<hr class=\"wp-block-separator\"\/>\n\n\n\n<h2 class=\"wp-block-heading\" id=\"drittes-treffen-als-videokonferenz\">Drittes Treffen als Videokonferenz<\/h2>\n\n\n\n<figure class=\"wp-block-image size-full\"><img loading=\"lazy\" decoding=\"async\" width=\"451\" height=\"449\" src=\"https:\/\/wir-lsz.de\/wp-content\/uploads\/2022\/01\/dritte-Veranstaltung-LeeGutAgenten.jpg\" alt=\"\" class=\"wp-image-281\" srcset=\"https:\/\/wir-lsz.de\/wp-content\/uploads\/2022\/01\/dritte-Veranstaltung-LeeGutAgenten.jpg 451w, https:\/\/wir-lsz.de\/wp-content\/uploads\/2022\/01\/dritte-Veranstaltung-LeeGutAgenten-300x300.jpg 300w, https:\/\/wir-lsz.de\/wp-content\/uploads\/2022\/01\/dritte-Veranstaltung-LeeGutAgenten-150x150.jpg 150w\" sizes=\"(max-width: 451px) 100vw, 451px\" \/><\/figure>\n\n\n\n<p>Das 3. Treffen wurde pandemiebedingt als Videokonferenz im Ufhover Dorftreff durchgef\u00fchrt. Dabei ging es um das Thema Dorfkneipen und Dorfl\u00e4den.<br>Im ehemaligen Ufhover L\u00e4dchen hatten wir ideale Bedingungen mit einem gro\u00dfen Monitor vom digitalen schwarzen Brett um \u00fcber dieses Thema zu diskutieren.<\/p>\n\n\n\n<hr class=\"wp-block-separator\"\/>\n\n\n\n<h2 class=\"wp-block-heading\" id=\"2-treffen-im-turmchenbacker\">2. Treffen im &#8222;T\u00fcrmchenb\u00e4cker&#8220;<\/h2>\n\n\n\n<figure class=\"wp-block-image size-large\"><img loading=\"lazy\" decoding=\"async\" width=\"1024\" height=\"768\" src=\"https:\/\/wir-lsz.de\/wp-content\/uploads\/2022\/01\/zweite-Veranstaltung-Leergu-1024x768.jpg\" alt=\"\" class=\"wp-image-282\" srcset=\"https:\/\/wir-lsz.de\/wp-content\/uploads\/2022\/01\/zweite-Veranstaltung-Leergu-1024x768.jpg 1024w, https:\/\/wir-lsz.de\/wp-content\/uploads\/2022\/01\/zweite-Veranstaltung-Leergu-300x225.jpg 300w, https:\/\/wir-lsz.de\/wp-content\/uploads\/2022\/01\/zweite-Veranstaltung-Leergu-768x576.jpg 768w, https:\/\/wir-lsz.de\/wp-content\/uploads\/2022\/01\/zweite-Veranstaltung-Leergu-1536x1152.jpg 1536w, https:\/\/wir-lsz.de\/wp-content\/uploads\/2022\/01\/zweite-Veranstaltung-Leergu-2048x1536.jpg 2048w\" sizes=\"(max-width: 1024px) 100vw, 1024px\" \/><\/figure>\n\n\n\n<p>Die leerstehenden Geb\u00e4ude am Steinweg war der Treffpunkt f\u00fcr das zweite Treffen der LeerGut-Agenten.<br>Hier wurde nach der Besichtung der Geb\u00e4ude und  und der Pl\u00e4ne \u00fcber die m\u00f6gliche Nutzung diskutiert. Au\u00dferdem wurde die Funktionsweise des FlooTools vorgestellt.<\/p>\n\n\n\n<p>TA Bericht vom 07.07.2020 Einladung: <a rel=\"noreferrer noopener\" href=\"https:\/\/www.thueringer-allgemeine.de\/regionen\/muehlhausen\/treffen-der-leergut-agenten-in-bad-langensalza-id229457334.html\" target=\"_blank\">https:\/\/www.thueringer-allgemeine.de\/regionen\/muehlhausen\/treffen-der-leergut-agenten-in-bad-langensalza-id229457334.html<\/a><\/p>\n\n\n\n<p><\/p>\n\n\n\n<hr class=\"wp-block-separator\"\/>\n\n\n\n<h2 class=\"wp-block-heading\" id=\"auftaktveranstaltung-ehemaliges-wehrkreiskommando\">Auftaktveranstaltung &#8222;Ehemaliges Wehrkreiskommando&#8220;<\/h2>\n\n\n\n<figure class=\"wp-block-image size-full\"><img loading=\"lazy\" decoding=\"async\" width=\"480\" height=\"360\" src=\"https:\/\/wir-lsz.de\/wp-content\/uploads\/2022\/01\/erste-Veranstaltung-LeergutAgenten.jpg\" alt=\"\" class=\"wp-image-283\" srcset=\"https:\/\/wir-lsz.de\/wp-content\/uploads\/2022\/01\/erste-Veranstaltung-LeergutAgenten.jpg 480w, https:\/\/wir-lsz.de\/wp-content\/uploads\/2022\/01\/erste-Veranstaltung-LeergutAgenten-300x225.jpg 300w\" sizes=\"(max-width: 480px) 100vw, 480px\" \/><\/figure>\n\n\n\n<p>Bei der Auftaktveranstaltung im ehemaligen Wehrkreiskommando und sp\u00e4teren Schulamt stellten wir uns als LeerGut-Agenten interessierten B\u00fcrgen und Presse vor.<br>Das lange leerstehende Geb\u00e4ude war ein gutes Beispiel \u00fcber diese Thema aufzukl\u00e4ren.<br>Es wurde das Netzwerk der LeerGut-Agenten vorgestellt und wie die Arbeit in Bad Langensalza und den Ortsteilen aussehen k\u00f6nnte.<\/p>\n\n\n\n<p>TA Berich: <a href=\"https:\/\/www.thueringer-allgemeine.de\/regionen\/bad-langensalza\/agenten-gegen-leerstand-in-bad-langensalza-gesucht-id227071197.html\" target=\"_blank\" rel=\"noreferrer noopener\">https:\/\/www.thueringer-allgemeine.de\/regionen\/bad-langensalza\/agenten-gegen-leerstand-in-bad-langensalza-gesucht-id227071197.html<\/a><\/p>\n\n\n\n<figure class=\"wp-block-table\"><table><tbody><tr><td><strong>Leerstand = Ressource = LeerGut<\/strong><\/td><\/tr><tr><td><\/td><\/tr><tr><td><strong>Wir, die LeerGut-Agenten, r\u00fccken den Geb\u00e4udebestand und den Leerstand als wertvolle Ressourcen f\u00fcr die Stadt- und Dorfentwicklung in den Mittelpunkt.<br><\/strong>Als LeerGut-Agenten wollen wir das StadtLand Th\u00fcringen bewahren und beleben, indem wir die gemeinwohlorientierte Entwicklung leer stehender H\u00e4user unterst\u00fctzen &#8211; von der Idee zum Projekt. Als Netzwerk von Expert:innen und Ansprechpersonen vor Ort verbinden wir Interessierte, Aktive, Wissen und Geb\u00e4ude. Wir wollen diejenigen st\u00e4rken, die so mutig und \u201averr\u00fcckt\u2018 sind, in Th\u00fcringen Leerstand neu in Nutzung nehmen, umzubauen und zu sanieren, und die dabei einen Mehrwert f\u00fcrs Gemeinwesen&nbsp;schaffen.<\/td><\/tr><\/tbody><\/table><\/figure>\n","protected":false},"excerpt":{"rendered":"<p>Leerstandmanagement und Stadtentwicklung in Bad Langensalza und OrtsteilenDer Bestand an Baufl\u00e4chen in Bad Langensalza ist ersch\u00f6pft. Ob in den Au\u00dfenbereichen neues Bauland zur Verf\u00fcgung gestellt werden kann ist fraglich, da die versiegelte Fl\u00e4che im Verh\u00e4ltnis zur Einwohnerzahl in Bad Langensalza sehr gro\u00df ist. Themen wie Gartenanlagen in Bauland umzuwandeln sind umstritten und bringen nur kurzzeitig &#8230; <a title=\"LeerGut-Agenten\" class=\"read-more\" href=\"https:\/\/wir-lsz.de\/?page_id=274\" aria-label=\"Mehr Informationen \u00fcber LeerGut-Agenten\">Weiterlesen<\/a><\/p>\n","protected":false},"author":1,"featured_media":0,"parent":0,"menu_order":0,"comment_status":"closed","ping_status":"closed","template":"","meta":{"footnotes":""},"_links":{"self":[{"href":"https:\/\/wir-lsz.de\/index.php?rest_route=\/wp\/v2\/pages\/274"}],"collection":[{"href":"https:\/\/wir-lsz.de\/index.php?rest_route=\/wp\/v2\/pages"}],"about":[{"href":"https:\/\/wir-lsz.de\/index.php?rest_route=\/wp\/v2\/types\/page"}],"author":[{"embeddable":true,"href":"https:\/\/wir-lsz.de\/index.php?rest_route=\/wp\/v2\/users\/1"}],"replies":[{"embeddable":true,"href":"https:\/\/wir-lsz.de\/index.php?rest_route=%2Fwp%2Fv2%2Fcomments&post=274"}],"version-history":[{"count":15,"href":"https:\/\/wir-lsz.de\/index.php?rest_route=\/wp\/v2\/pages\/274\/revisions"}],"predecessor-version":[{"id":304,"href":"https:\/\/wir-lsz.de\/index.php?rest_route=\/wp\/v2\/pages\/274\/revisions\/304"}],"wp:attachment":[{"href":"https:\/\/wir-lsz.de\/index.php?rest_route=%2Fwp%2Fv2%2Fmedia&parent=274"}],"curies":[{"name":"wp","href":"https:\/\/api.w.org\/{rel}","templated":true}]}}